{"id":21,"date":"2018-02-12T14:47:38","date_gmt":"2018-02-12T13:47:38","guid":{"rendered":"https:\/\/websitedemos.net\/coach02\/?page_id=21"},"modified":"2025-05-27T20:40:51","modified_gmt":"2025-05-27T18:40:51","slug":"referencje","status":"publish","type":"page","link":"https:\/\/aureadicta.com.pl\/panel\/referencje\/","title":{"rendered":"Referencje"},"content":{"rendered":"\t\t<div data-elementor-type=\"wp-post\" data-elementor-id=\"21\" class=\"elementor elementor-21\">\n\t\t\t\t\t\t<section class=\"elementor-section elementor-top-section elementor-element elementor-element-e8e4bc2 elementor-section-boxed elementor-section-height-default elementor-section-height-default\" data-id=\"e8e4bc2\" data-element_type=\"section\" data-settings=\"{&quot;background_background&quot;:&quot;classic&quot;}\">\n\t\t\t\t\t\t<div class=\"elementor-container elementor-column-gap-default\">\n\t\t\t\t\t<div class=\"elementor-column elementor-col-100 elementor-top-column elementor-element elementor-element-f13d203\" data-id=\"f13d203\" data-element_type=\"column\">\n\t\t\t<div class=\"elementor-widget-wrap elementor-element-populated\">\n\t\t\t\t\t\t<div class=\"elementor-element elementor-element-7652939 elementor-widget-divider--view-line elementor-widget elementor-widget-divider\" data-id=\"7652939\" data-element_type=\"widget\" data-widget_type=\"divider.default\">\n\t\t\t\t<div class=\"elementor-widget-container\">\n\t\t\t\t\t\t\t<div class=\"elementor-divider\">\n\t\t\t<span class=\"elementor-divider-separator\">\n\t\t\t\t\t\t<\/span>\n\t\t<\/div>\n\t\t\t\t\t\t<\/div>\n\t\t\t\t<\/div>\n\t\t\t\t<div class=\"elementor-element elementor-element-271e6ee3 elementor-widget elementor-widget-heading\" data-id=\"271e6ee3\" data-element_type=\"widget\" data-widget_type=\"heading.default\">\n\t\t\t\t<div class=\"elementor-widget-container\">\n\t\t\t\t\t<h2 class=\"elementor-heading-title elementor-size-default\">Moje Referencje <\/h2>\t\t\t\t<\/div>\n\t\t\t\t<\/div>\n\t\t\t\t<div class=\"elementor-element elementor-element-2e0024ca elementor-widget elementor-widget-text-editor\" data-id=\"2e0024ca\" data-element_type=\"widget\" data-widget_type=\"text-editor.default\">\n\t\t\t\t<div class=\"elementor-widget-container\">\n\t\t\t\t\t\t\t\t\t<p>Na co dzie\u0144 jestem zwi\u0105zany z kancelari\u0105 prawn\u0105 White&amp;Case w Warszawie.<br \/>Pracuj\u0119 tak\u017ce jako <a href=\"https:\/\/lawsolutions.eu\/\" target=\"_blank\" rel=\"noopener\">prawnik<\/a> dla kancelarii prawnej Nowicki i Ziemczyk (KNZ).<br \/>Mam bardzo szerokie do\u015bwiadczenie jako t\u0142umacz zdobyte w rozmaitych dziedzinach biznesu: sektorze informatycznym i telekomunikacyjnym (APEXIM S.A.), mi\u0119dzynarodowych firmach doradczych (McKinsey&amp;Co.), mi\u0119dzynarodowych kancelariach prawniczych (Dewey Ballantine, CMS Cameron McKenna) i koncernach farmaceutycznych (Eli Lilly).<\/p>\t\t\t\t\t\t\t\t<\/div>\n\t\t\t\t<\/div>\n\t\t\t\t\t<\/div>\n\t\t<\/div>\n\t\t\t\t\t<\/div>\n\t\t<\/section>\n\t\t\t\t<section class=\"elementor-section elementor-top-section elementor-element elementor-element-9f7595c elementor-section-full_width elementor-section-content-top elementor-section-height-default elementor-section-height-default\" data-id=\"9f7595c\" data-element_type=\"section\" data-settings=\"{&quot;background_background&quot;:&quot;classic&quot;}\">\n\t\t\t\t\t\t<div class=\"elementor-container elementor-column-gap-extended\">\n\t\t\t\t\t<div class=\"elementor-column elementor-col-33 elementor-top-column elementor-element elementor-element-70814a6\" data-id=\"70814a6\" data-element_type=\"column\" data-settings=\"{&quot;background_background&quot;:&quot;gradient&quot;}\">\n\t\t\t<div class=\"elementor-widget-wrap elementor-element-populated\">\n\t\t\t\t\t\t<div class=\"elementor-element elementor-element-0051b4e elementor-widget elementor-widget-heading\" data-id=\"0051b4e\" data-element_type=\"widget\" data-widget_type=\"heading.default\">\n\t\t\t\t<div class=\"elementor-widget-container\">\n\t\t\t\t\t<h2 class=\"elementor-heading-title elementor-size-large\">DO\u015aWIADCZENIE<\/h2>\t\t\t\t<\/div>\n\t\t\t\t<\/div>\n\t\t\t\t<div class=\"elementor-element elementor-element-c19fe64 elementor-widget-divider--view-line elementor-widget elementor-widget-divider\" data-id=\"c19fe64\" data-element_type=\"widget\" data-widget_type=\"divider.default\">\n\t\t\t\t<div class=\"elementor-widget-container\">\n\t\t\t\t\t\t\t<div class=\"elementor-divider\">\n\t\t\t<span class=\"elementor-divider-separator\">\n\t\t\t\t\t\t<\/span>\n\t\t<\/div>\n\t\t\t\t\t\t<\/div>\n\t\t\t\t<\/div>\n\t\t\t\t<div class=\"elementor-element elementor-element-0c7a4e9 elementor-widget elementor-widget-text-editor\" data-id=\"0c7a4e9\" data-element_type=\"widget\" data-widget_type=\"text-editor.default\">\n\t\t\t\t<div class=\"elementor-widget-container\">\n\t\t\t\t\t\t\t\t\t<p>Pracowa\u0142em jako t\u0142umacz dla \u015awiatowej Organizacji Zdrowia oraz bra\u0142em udzia\u0142 w rozmowach akcesyjnych Polski do Unii Europejskiej (dostosowanie polskiego prawa telekomunikacyjnego do prawa wsp\u00f3lnotowego; przygotowanie GUS-u do wsp\u00f3\u0142pracy z Eurostat). Jednocze\u015bnie przez ponad 10 lat wsp\u00f3\u0142pracowa\u0142em bezpo\u015brednio z t\u0142umaczem przysi\u0119g\u0142ym, ucz\u0105c si\u0119 pod jego kierunkiem specyfiki tego zawodu.<\/p>\n<p><\/p>\n<p><\/p>\n<p><\/p>\n<p>.<\/p><p><br><\/p><p><br><\/p>\n<p><\/p>\t\t\t\t\t\t\t\t<\/div>\n\t\t\t\t<\/div>\n\t\t\t\t<div class=\"elementor-element elementor-element-9fdf012 elementor-widget-divider--view-line elementor-widget elementor-widget-divider\" data-id=\"9fdf012\" data-element_type=\"widget\" data-widget_type=\"divider.default\">\n\t\t\t\t<div class=\"elementor-widget-container\">\n\t\t\t\t\t\t\t<div class=\"elementor-divider\">\n\t\t\t<span class=\"elementor-divider-separator\">\n\t\t\t\t\t\t<\/span>\n\t\t<\/div>\n\t\t\t\t\t\t<\/div>\n\t\t\t\t<\/div>\n\t\t\t\t\t<\/div>\n\t\t<\/div>\n\t\t\t\t<div class=\"elementor-column elementor-col-33 elementor-top-column elementor-element elementor-element-efec54c\" data-id=\"efec54c\" data-element_type=\"column\" data-settings=\"{&quot;background_background&quot;:&quot;gradient&quot;}\">\n\t\t\t<div class=\"elementor-widget-wrap elementor-element-populated\">\n\t\t\t\t\t\t<div class=\"elementor-element elementor-element-49809ce elementor-widget elementor-widget-heading\" data-id=\"49809ce\" data-element_type=\"widget\" data-widget_type=\"heading.default\">\n\t\t\t\t<div class=\"elementor-widget-container\">\n\t\t\t\t\t<h2 class=\"elementor-heading-title elementor-size-large\">WSP\u00d3\u0141PRACA<\/h2>\t\t\t\t<\/div>\n\t\t\t\t<\/div>\n\t\t\t\t<div class=\"elementor-element elementor-element-ec85849 elementor-widget-divider--view-line elementor-widget elementor-widget-divider\" data-id=\"ec85849\" data-element_type=\"widget\" data-widget_type=\"divider.default\">\n\t\t\t\t<div class=\"elementor-widget-container\">\n\t\t\t\t\t\t\t<div class=\"elementor-divider\">\n\t\t\t<span class=\"elementor-divider-separator\">\n\t\t\t\t\t\t<\/span>\n\t\t<\/div>\n\t\t\t\t\t\t<\/div>\n\t\t\t\t<\/div>\n\t\t\t\t<div class=\"elementor-element elementor-element-43a4cfc elementor-widget elementor-widget-text-editor\" data-id=\"43a4cfc\" data-element_type=\"widget\" data-widget_type=\"text-editor.default\">\n\t\t\t\t<div class=\"elementor-widget-container\">\n\t\t\t\t\t\t\t\t\t<p>Do grona moich klient\u00f3w nale\u017c\u0105 firmy prawnicze, w tym czo\u0142owe mi\u0119dzynarodowe kancelarie prawne od Allen&amp;Overy po White&amp;Case, kancelarie notarialne, sp\u00f3\u0142ki z niemal wszystkich sektor\u00f3w gospodarki, banki, korporacje ubezpieczeniowe, a tak\u017ce wybrane agencje t\u0142umacze\u0144 i osoby fizyczne.<\/p>\n<p><\/p>\n<p><\/p>\n<p>.<\/p><p><br><\/p><p><br><\/p><p><br><\/p>\n<p><\/p>\n<p><\/p>\t\t\t\t\t\t\t\t<\/div>\n\t\t\t\t<\/div>\n\t\t\t\t<div class=\"elementor-element elementor-element-6df2fef elementor-widget-divider--view-line elementor-widget elementor-widget-divider\" data-id=\"6df2fef\" data-element_type=\"widget\" data-widget_type=\"divider.default\">\n\t\t\t\t<div class=\"elementor-widget-container\">\n\t\t\t\t\t\t\t<div class=\"elementor-divider\">\n\t\t\t<span class=\"elementor-divider-separator\">\n\t\t\t\t\t\t<\/span>\n\t\t<\/div>\n\t\t\t\t\t\t<\/div>\n\t\t\t\t<\/div>\n\t\t\t\t\t<\/div>\n\t\t<\/div>\n\t\t\t\t<div class=\"elementor-column elementor-col-33 elementor-top-column elementor-element elementor-element-eda022d\" data-id=\"eda022d\" data-element_type=\"column\" data-settings=\"{&quot;background_background&quot;:&quot;gradient&quot;}\">\n\t\t\t<div class=\"elementor-widget-wrap elementor-element-populated\">\n\t\t\t\t\t\t<div class=\"elementor-element elementor-element-a83b0ac elementor-widget elementor-widget-heading\" data-id=\"a83b0ac\" data-element_type=\"widget\" data-widget_type=\"heading.default\">\n\t\t\t\t<div class=\"elementor-widget-container\">\n\t\t\t\t\t<h2 class=\"elementor-heading-title elementor-size-large\">MOI KLIENCI<\/h2>\t\t\t\t<\/div>\n\t\t\t\t<\/div>\n\t\t\t\t<div class=\"elementor-element elementor-element-a392a5c elementor-widget-divider--view-line elementor-widget elementor-widget-divider\" data-id=\"a392a5c\" data-element_type=\"widget\" data-widget_type=\"divider.default\">\n\t\t\t\t<div class=\"elementor-widget-container\">\n\t\t\t\t\t\t\t<div class=\"elementor-divider\">\n\t\t\t<span class=\"elementor-divider-separator\">\n\t\t\t\t\t\t<\/span>\n\t\t<\/div>\n\t\t\t\t\t\t<\/div>\n\t\t\t\t<\/div>\n\t\t\t\t<div class=\"elementor-element elementor-element-a17fe75 elementor-widget elementor-widget-text-editor\" data-id=\"a17fe75\" data-element_type=\"widget\" data-widget_type=\"text-editor.default\">\n\t\t\t\t<div class=\"elementor-widget-container\">\n\t\t\t\t\t\t\t\t\t<ul class=\"spis\"><li class=\"spis\">Allen&amp;Overy<\/li><li class=\"spis\">American Chamber of Commerce<\/li><li class=\"spis\">AT&amp;T (Lucent Technologies)<\/li><li class=\"spis\">CMS Cameron McKenna<\/li><li class=\"spis\">Dewey Ballantine<\/li><li class=\"spis\">IBM Polska<\/li><li class=\"spis\">ING Bank<\/li><li class=\"spis\">McKinsey &amp; Co.<\/li><li class=\"spis\">Optimus Lockheed Martin<\/li><li class=\"spis\">Philip Morris<\/li><li class=\"spis\">WARDY\u0143SKI i Wsp\u00f3lnicy<\/li><li class=\"spis\">White&amp;Case<\/li><li class=\"spis\">WHO<\/li><li class=\"spis\">WIERZBOWSKI EVERSHEDS<\/li><\/ul>\t\t\t\t\t\t\t\t<\/div>\n\t\t\t\t<\/div>\n\t\t\t\t<div class=\"elementor-element elementor-element-5cef752 elementor-widget-divider--view-line elementor-widget elementor-widget-divider\" data-id=\"5cef752\" data-element_type=\"widget\" data-widget_type=\"divider.default\">\n\t\t\t\t<div class=\"elementor-widget-container\">\n\t\t\t\t\t\t\t<div class=\"elementor-divider\">\n\t\t\t<span class=\"elementor-divider-separator\">\n\t\t\t\t\t\t<\/span>\n\t\t<\/div>\n\t\t\t\t\t\t<\/div>\n\t\t\t\t<\/div>\n\t\t\t\t\t<\/div>\n\t\t<\/div>\n\t\t\t\t\t<\/div>\n\t\t<\/section>\n\t\t\t\t<\/div>\n\t\t","protected":false},"excerpt":{"rendered":"<p>Moje Referencje Na co dzie\u0144 jestem zwi\u0105zany z kancelari\u0105 prawn\u0105 White&amp;Case w Warszawie.Pracuj\u0119 tak\u017ce jako prawnik dla kancelarii prawnej Nowicki i Ziemczyk (KNZ).Mam bardzo szerokie do\u015bwiadczenie jako t\u0142umacz zdobyte w rozmaitych dziedzinach biznesu: sektorze informatycznym i telekomunikacyjnym (APEXIM S.A.), mi\u0119dzynarodowych firmach doradczych (McKinsey&amp;Co.), mi\u0119dzynarodowych kancelariach prawniczych (Dewey Ballantine, CMS Cameron McKenna) i koncernach farmaceutycznych (Eli &hellip;<\/p>\n<p class=\"read-more\"> <a class=\"\" href=\"https:\/\/aureadicta.com.pl\/panel\/referencje\/\"> <span class=\"screen-reader-text\">Referencje<\/span> Read More &raquo;<\/a><\/p>\n","protected":false},"author":1,"featured_media":0,"parent":0,"menu_order":0,"comment_status":"closed","ping_status":"closed","template":"","meta":{"site-sidebar-layout":"no-sidebar","site-content-layout":"page-builder","ast-site-content-layout":"","site-content-style":"default","site-sidebar-style":"default","ast-global-header-display":"","ast-banner-title-visibility":"","ast-main-header-display":"","ast-hfb-above-header-display":"","ast-hfb-below-header-display":"","ast-hfb-mobile-header-display":"","site-post-title":"disabled","ast-breadcrumbs-content":"","ast-featured-img":"disabled","footer-sml-layout":"","theme-transparent-header-meta":"default","adv-header-id-meta":"","stick-header-meta":"","header-above-stick-meta":"","header-main-stick-meta":"","header-below-stick-meta":"","astra-migrate-meta-layouts":"","ast-page-background-enabled":"default","ast-page-background-meta":{"desktop":{"background-color":"","background-image":"","background-repeat":"repeat","background-position":"center center","background-size":"auto","background-attachment":"scroll","background-type":"","background-media":"","overlay-type":"","overlay-color":"","overlay-gradient":""},"tablet":{"background-color":"","background-image":"","background-repeat":"repeat","background-position":"center center","background-size":"auto","background-attachment":"scroll","background-type":"","background-media":"","overlay-type":"","overlay-color":"","overlay-gradient":""},"mobile":{"background-color":"","background-image":"","background-repeat":"repeat","background-position":"center center","background-size":"auto","background-attachment":"scroll","background-type":"","background-media":"","overlay-type":"","overlay-color":"","overlay-gradient":""}},"ast-content-background-meta":{"desktop":{"background-color":"var(--ast-global-color-5)","background-image":"","background-repeat":"repeat","background-position":"center center","background-size":"auto","background-attachment":"scroll","background-type":"","background-media":"","overlay-type":"","overlay-color":"","overlay-gradient":""},"tablet":{"background-color":"var(--ast-global-color-5)","background-image":"","background-repeat":"repeat","background-position":"center center","background-size":"auto","background-attachment":"scroll","background-type":"","background-media":"","overlay-type":"","overlay-color":"","overlay-gradient":""},"mobile":{"background-color":"var(--ast-global-color-5)","background-image":"","background-repeat":"repeat","background-position":"center center","background-size":"auto","background-attachment":"scroll","background-type":"","background-media":"","overlay-type":"","overlay-color":"","overlay-gradient":""}},"footnotes":""},"class_list":["post-21","page","type-page","status-publish","hentry"],"_links":{"self":[{"href":"https:\/\/aureadicta.com.pl\/panel\/wp-json\/wp\/v2\/pages\/21","targetHints":{"allow":["GET"]}}],"collection":[{"href":"https:\/\/aureadicta.com.pl\/panel\/wp-json\/wp\/v2\/pages"}],"about":[{"href":"https:\/\/aureadicta.com.pl\/panel\/wp-json\/wp\/v2\/types\/page"}],"author":[{"embeddable":true,"href":"https:\/\/aureadicta.com.pl\/panel\/wp-json\/wp\/v2\/users\/1"}],"replies":[{"embeddable":true,"href":"https:\/\/aureadicta.com.pl\/panel\/wp-json\/wp\/v2\/comments?post=21"}],"version-history":[{"count":74,"href":"https:\/\/aureadicta.com.pl\/panel\/wp-json\/wp\/v2\/pages\/21\/revisions"}],"predecessor-version":[{"id":866,"href":"https:\/\/aureadicta.com.pl\/panel\/wp-json\/wp\/v2\/pages\/21\/revisions\/866"}],"wp:attachment":[{"href":"https:\/\/aureadicta.com.pl\/panel\/wp-json\/wp\/v2\/media?parent=21"}],"curies":[{"name":"wp","href":"https:\/\/api.w.org\/{rel}","templated":true}]}}